Suppose 2*n + 10 = -3*n. Let s(c) = 7*c. Determine s(n).
-14
Let a(o) = -o**2 + 3*o + 4. Let p be (-1416)/60 - (-2)/(-5). Let c = p - -29. What is a(c)?
-6
Let y be ((-8)/14)/((-4)/14). Suppose 4*h = -y*i - 0*h - 4, -2*i - 7 = h. Let f be (i/6)/((-6)/27). Let q(l) = l**2 - 1. Determine q(f).
8
Let n(j) = j**2 - j + 1. Suppose 7 + 11 = 3*x. Suppose x*p - 8 = 2*p. What is n(p)?
3
Let r = 3 + 0. Let f(w) = r*w - 2 - 5*w**2 + 3 + 4*w**2 + w. Calculate f(4).
1
Let c(t) = -t - 4. Suppose 0 = 9*m - 11*m - 4. What is c(m)?
-2
Let s(i) = -2*i**2 - 4*i - 3. Let o = -7 + 12. Suppose o = -4*r - j, j + 1 - 14 = 5*r. Calculate s(r).
-3
Let f(m) = -m + 8. Let k(d) = d + 12. Let r be k(-6). Give f(r).
2
Let a = -52 + 49. Let g(b) = b - 1. Let h(z) = -3. Let c(i) = g(i) + h(i). What is c(a)?
-7
Let o = 9 + -6. Let x(j) = 2*j. What is x(o)?
6
Let h = 7 + -6. Let t(j) = 2 - 2*j - 2 + 10*j - h. Calculate t(-1).
-9
Let p(n) = 2*n**2 + 12*n - 4. Let h be p(-6). Let r(z) = z + 4. What is r(h)?
0
Let y be 15/6 + 1/(-2). Let i(h) = -4 + 7 + h**y - 3*h - 2*h**2. Calculate i(-5).
-7
Let r(t) be the second derivative of -t + 0 + 0*t**2 + 0*t**3 - 1/12*t**4. Calculate r(2).
-4
Suppose k + 4*v = -12, -4*k + 3*v = -5 - 4. Let l be -1*(-1)/(-3)*k. Let r(p) = p + 5. Let w(t) = 2*t + 10. Let n(m) = 9*r(m) - 4*w(m). Determine n(l).
5
Let n(f) = -f**2 + f - 10. Let d be n(0). Let j be (1 - 3)/4*d. Let u(o) = -o + 10. What is u(j)?
5
Let y(u) be the first derivative of -u**4/4 + u**2/2 - 21. Let x(j) = j**3 - j**2 - j - 2. Let b be x(2). What is y(b)?
0
Let b(v) = -3*v. Let z(m) = -m**3 + 5*m**2 - 4*m. Suppose -2*w - w = -12. Let l be z(w). Suppose -4*j = -l*j - 8. Determine b(j).
-6
Let d(x) = -2*x**2 - 3*x + 4. Let l(a) = a**2 + 3*a - 7. Let y be l(-4). What is d(y)?
-5
Let k(u) = u + 4. Let j(y) = y + 5. Let o(x) = -5*j(x) + 6*k(x). Let r(h) = h**2 + 8*h + 6. Let w be r(-7). What is o(w)?
-2
Let l(r) be the first derivative of -1 + 0*r - 1/3*r**3 - 1/4*r**4 + 1/2*r**2. Let h be ((-2)/6)/(1/(-3)). What is l(h)?
-1
Let t(p) = 10*p - 5 + 0 - p. Let m(y) = -3*y + 2. Let i(v) = -8*m(v) - 3*t(v). Suppose 3*z - 3 = 5*b - 1, 0 = 2*b + 2*z - 12. Give i(b).
-7
Let i = 1 + -6. Suppose -3*k - 11 = -5*h, -2*k - 17 = 2*h + 1. Let q(o) = -4. Let f(r) = -r + 11. Let w(a) = k*q(a) - 2*f(a). What is w(i)?
-4
Let g(b) = b**2 - 6*b - 3. Let r be g(7). Let i(c) = -c**3 - 6 + c + c + r*c + 4*c**2. Calculate i(5).
-1
Let y(q) = -q**3 + 7*q**2 - 4*q - 8. Suppose 0*h - 3*h = -72. Suppose -2*o + 12 = -2*s, -3*o = o - s - h. Give y(o).
4
Let c(y) = -y**2 + 10*y + 5. Let j be (4 - -7) + (1 - 1). Let l be c(j). Let q(o) = o**2 + 8*o + 5. Calculate q(l).
-7
Suppose 4*l + 1 = -7, -3*l + 2 = 2*y. Let x(j) = 6*j + y - 6*j + 7*j - 1. Give x(-2).
-11
Let u(n) = -n**2 + 5*n - 6. Let z be 30/9 + 1/(-3). Suppose -w = 4*a - 23, z*a - 2*w - 4 = a. Give u(a).
-6
Let x be 14/(-18) + (-16)/72. Let m be 2/7 + (-61)/(-7). Let f(s) = -3*s**3 + 2*s - 3. Let v(h) = 5*h**3 - 4*h + 7. Let c(r) = m*f(r) + 4*v(r). Give c(x).
6
Let b(q) be the first derivative of q**4/4 + q**2/2 + 3*q - 15. What is b(0)?
3
Suppose 3*s = -3 + 12. Let w(h) = 7*h - s*h + h**2 - 4*h - 6*h + 6. What is w(6)?
6
Let l(j) = -j - 8. Suppose 2*k + 0*k = v + 9, 0 = -4*v - 5*k - 10. What is l(v)?
-3
Suppose 5*p + 5 = n, -40*n + 41*n = 2*p + 2. Suppose 3*x + 0*x - 15 = 0. Let r(g) = -x + g + 5 - 4. Determine r(n).
-4
Let a(o) = o - 9. Let z be a(14). Let h(c) = -c**2 + c - 1. Let f(l) = 2*l**2 + 5*l + 1. Let v(i) = f(i) + 3*h(i). Calculate v(z).
13
Let b(g) = -g**2 + 4*g**2 - 4*g + 4 - 4*g**2. Suppose -17*r - 8*r = 125. Determine b(r).
-1
Let p(k) be the third derivative of k**9/7560 + k**8/10080 + k**7/5040 - k**5/20 + 2*k**2. Let o(l) be the third derivative of p(l). Calculate o(-1).
-7
Let i(l) = -2*l**3 - 6*l**2 + 9*l + 13. Let h(t) = -3*t**3 - 5*t**2 + 11*t + 14. Let a(j) = -3*h(j) + 4*i(j). Calculate a(8).
-30
Let n = -4 - 1. Let w(g) = -4*g - 3. Let l(v) = -5*v - 3. Let c(b) = -3*l(b) + 4*w(b). Determine c(n).
2
Let p(i) be the first derivative of -i**3/3 - 7*i**2/2 - 7. What is p(-5)?
10
Let w(n) be the second derivative of n**4/12 - n**3 + 5*n**2/2 - 17*n. What is w(5)?
0
Let h(n) be the third derivative of n**5/30 + 7*n**4/24 - 7*n**3/6 + 4*n**2. Let b(f) = f**2 + 3*f - 3. Let q(a) = -13*b(a) + 6*h(a). Calculate q(3).
-3
Let d(k) be the first derivative of 6 + 0*k + 1/4*k**4 + 7/3*k**3 + 3*k**2. Determine d(-6).
0
Let r(p) be the first derivative of -3*p**2/2 + p + 23. Determine r(-5).
16
Suppose 3*f = 6*f - 21. Suppose f*g - 12 = 3*g. Let l(s) = s + 1. Determine l(g).
4
Let k(p) = p**2 + 9*p - 10. Let v be k(-10). Suppose 4*h = -v*h + 16. Let t(g) = -g - 1. Give t(h).
-5
Let j(m) be the second derivative of m**5/20 + m**4/4 - m**3/2 + 5*m**2/2 + 13*m. Determine j(-4).
1
Suppose 0 = 3*p + h - 2*h - 14, -p + 5*h = -14. Let o(w) = w - 2*w - 1 + 4 - 4. Determine o(p).
-5
Let v(c) be the first derivative of -c**4/4 - c**3 + 3*c + 4. Let o be 3 + -2 + (-4)/(-2). Suppose 0 = -j - 3*k + o, 3*k = 5*j + 2*k + 17. What is v(j)?
3
Let o(m) = m**3 + 3*m**2 - 1. Let y be 10/((1 - 3)/2). Let r be (9/6)/((-3)/y). Let a = r - 7. Determine o(a).
3
Let o(d) = -d**3 + 4*d**2 - 2*d - 1. Let w be o(3). Let u(t) be the first derivative of -2 + 2*t + 1/2*t**w. What is u(-5)?
-3
Let s(b) = 5*b**2. Let t = -2 - -2. Suppose t = -5*z + z - 4. Calculate s(z).
5
Let k(o) = -o**2 + o**3 + 4 + 0*o - 2*o**3 + 5*o - o. Give k(-3).
10
Let h(l) be the second derivative of l**5/20 - l**4/2 + l**2/2 + 18*l. Determine h(6).
1
Let s(d) = d**2 - 5*d - 4. Suppose 15*l = 25 + 50. Give s(l).
-4
Suppose f - 4*x - 7 = 3, 5*x + 10 = 0. Let m(v) = -2*v**f - v + v**2 + 2*v**2. Suppose 4*g + 2 = -0*j - 2*j, 0 = 5*j - 5. Give m(g).
2
Let d(t) = 4*t - 5. Suppose -a = -6 + 1. Calculate d(a).
15
Suppose -3*r = -5*o + 2 - 8, 4*r - 8 = 5*o. Let l be (-2)/((-4)/r) - -2. Let a(w) = 1 - 3 + 6 + 2*w - 1. Give a(l).
9
Let n(t) be the third derivative of t**4/24 - t**3/2 - 13*t**2 + 2. What is n(-7)?
-10
Let s(w) = -w**3 - w**2 - 3*w + 4. Let k = -22 - -11. Let j(x) = -6*x**3 - 4*x**2 - 15*x + 21. Let u(h) = k*s(h) + 2*j(h). Calculate u(4).
-6
Let i(r) = 2*r**2 - 2*r - 4*r + r**3 + 1 + 5*r. Let x(t) = t**3 - 4*t**2 - 5*t - 6. Let p be x(5). Let a = 3 + p. Calculate i(a).
-5
Suppose 5*a = 6 + 4. Let g = -22 + 25. Let l(b) = -3*b**a + g*b**2 - 6 - b**2 - 5*b. Give l(-4).
-2
Let h(n) = n**3 - 5*n**2 - n + 1. Suppose 0 = 2*c + c + a - 13, c - 4*a = 13. Determine h(c).
-4
Let i(w) = w**3 + 3*w**2 - 3*w. Let a(u) = 5*u + 6. Let n be a(-2). Calculate i(n).
-4
Let v = -28 - -63. Suppose 4*f + v = -5*z, -4*f + f = 5*z + 30. Let r(a) = -a - 9. Determine r(f).
-4
Let b be ((-4)/(-14) + 23/(-7))*-3. Let y(d) = d**2 - 8*d - 5. Determine y(b).
4
Let u(f) = f - 1. Let x be -2*2/(-4)*-2. Let h(z) = 3*z**2 + 1. Let p be h(1). Let k = p + x. Calculate u(k).
1
Let m(z) = -z**2 - 5*z - 4. Let j(i) be the first derivative of -5*i**2 + i + 1. Let n be j(1). Let c = n + 4. What is m(c)?
-4
Let u be 1*(-4 + 1)*1. Suppose -4*m + 26 = 3*s - 5, -32 = -4*m - 4*s. Let y(o) = m + 8 - 12 - o. What is y(u)?
6
Let z be (-54)/(-90) - 44/(-10). Let y(a) = -a**3 + 5*a**2 + 3*a + 2. Give y(z).
17
Let c(h) = -2*h - 44 - h + 36. Let t(d) = -d - 3. Let f(y) = -3*c(y) + 8*t(y). Calculate f(1).
1
Let v(l) be the second derivative of 0*l**2 + 0 - 3*l - 1/6*l**3 - 1/40*l**5 + 1/12*l**4. Let c(f) be the second derivative of v(f). What is c(3)?
-7
Let v(b) = -3 - 4*b + 0 + 1. Let q be 3*-3*5/(-9). Suppose q = -c + 3. Calculate v(c).
6
Let i(w) = 6*w. Suppose 5*v = -4*o + 31, -5*v - 10 + 50 = -5*o. Let t = v - 6. Give i(t).
6
Let o = -9 + 5. Let f be (o - -4)/((-4)/2). Suppose f*s = -2*s + 4. Let j(v) = -v - 2. Calculate j(s).
-4
Let f(a) = 4*a - 5. Suppose 5*t + 3*w - 23 = 0, t - w - 3 = -0*t. Calculate f(t).
11
Let p(r) be the second derivative of r**4/12 + r**3/6 - 7*r**2/2 - 9*r. Give p(-5).
13
Let v(p) = 4*p + 5. Let n(u) = -9*u - 11. Let f(y) = 6*n(y) + 13*v(y). Give f(-4).
7
Let v(n) = 2 + 10*n - n**2 - 3*n - 7. Determine v(5).
5
Let y(x) = -11*x**2 + 6*x - 5. Let b(s) = -22*s**2 + 13*s - 11. Let v(h) = -4*b(h) + 9*y(h). What is v(1)?
-10
Let f be (-7)/(-3) - (-2)/(-6). Let l(v) = -1 - 6*v + 4*v + v**3 + 0 + f*v**2. Suppose -7 = 2*j - 1. What